10 + 21d7?
21e7
In base 14, what is -562 + -46?
-5a8
In base 7, what is -422 - 0?
-422
In base 2, what is 1001000011111 - 1101?
1001000010010
In base 9, what is -1120 + -52?
-1172
In base 3, what is 0 + -1001002122112?
-1001002122112
In base 13, what is 1 - -5b7a8?
5b7a9
In base 16, what is -1baa4 + 5?
-1ba9f
In base 10, what is -5 - -41887?
41882
In base 13, what is 0 + -28148?
-28148
In base 15, what is -8 - 1a5e5?
-1a5ed
In base 4, what is 3 + 1123203?
1123212
In base 5, what is 2302110 + -3?
2302102
In base 3, what is 1121 + 202220201?
202222022
In base 12, what is -183 + -1313?
-1496
In base 16, what is 1c95 + 18?
1cad
In base 6, what is 0 - -53344?
53344
In base 7, what is 2 + 431151?
431153
In base 8, what is -24 + 170312?
170266
In base 8, what is 41 - -1771?
2032
In base 2, what is 1101101111010 - 11001?
1101101100001
In base 7, what is -5 - 2433?
-2441
In base 10, what is 1995105 - -1?
1995106
In base 4, what is -1100 - 222203?
-223303
In base 13, what is 2053 - 2c9?
1a57
In base 14, what is a8a + -3?
a87
In base 8, what is 17 - -2237?
2256
In base 13, what is 92 + 2678?
273a
In base 11, what is -184 - -3068?
2994
In base 4, what is -3120013 - -11?
-3120002
In base 2, what is 11011 - -110110110100?
110111001111
In base 3, what is 202122 + -12200?
112222
In base 12, what is 162 + 8674?
8816
In base 6, what is -330 - -454?
124
In base 15, what is -b9 + -b8?
-182
In base 15, what is -220 - -12?
-20d
In base 9, what is -6402 - 3?
-6405
In base 6, what is -140041 - -2?
-140035
In base 16, what is 4d11a - 2?
4d118
In base 3, what is -10212 + 201010?
120021
In base 12, what is 296 + -1b9?
99
In base 6, what is -132234 - -2?
-132232
In base 4, what is -12 - -123210?
123132
In base 10, what is -9 + 73777?
73768
In base 16, what is 62 - -51a?
57c
In base 4, what is 11 + 320311101?
320311112
In base 4, what is 1233 - -10323?
12222
In base 11, what is 15054 + -a?
15045
In base 9, what is -60142 - 43?
-60185
In base 11, what is 27700 + 5?
27705
In base 12, what is 14a222 + 3?
14a225
In base 6, what is 41 + 45421?
45502
In base 7, what is -2 - 5205506?
-5205511
In base 4, what is -2212233010 - 2?
-2212233012
In base 2, what is -10000 + -10000011110?
-10000101110
In base 13, what is 715 + 825?
123a
In base 15, what is a8 - -ac?
165
In base 16, what is -60b - 42?
-64d
In base 5, what is 2 + 432324?
432331
In base 11, what is -1450 - -17?
-1434
In base 12, what is -22 - -2a4?
282
In base 7, what is 214063 - 0?
214063
In base 16, what is -2 - 34375?
-34377
In base 7, what is -265 + -1126?
-1424
In base 11, what is 453 - 82?
381
In base 4, what is -3 + 1132322030?
1132322021
In base 12, what is -565 + 1735?
1190
In base 2, what is 10011 + -11100101011?
-11100011000
In base 13, what is 4 - -4a27?
4a2b
In base 8, what is -4 + 264567?
264563
In base 8, what is 5 + 61531?
61536
In base 5, what is -122 + -220400?
-221022
In base 16, what is a - 1988c?
-19882
In base 6, what is 204 + 122004?
122212
In base 3, what is 10 + -2100122?
-2100112
In base 13, what is -3 + -b411?
-b414
In base 4, what is 213120 - -12222?
232002
In base 8, what is 2440265 + -3?
2440262
In base 8, what is -11 - -526726?
526715
In base 12, what is -2b80 - b?
-2b8b
In base 16, what is 3 + 16fce1?
16fce4
In base 4, what is 13301111 + 10?
13301121
In base 11, what is -15 + -41?
-56
In base 6, what is -1324 + 141015?
135251
In base 13, what is 4 + -66a9?
-66a5
In base 10, what is 0 + 109676?
109676
In base 4, what is -222 - -301030?
300202
In base 12, what is -1 + -66a6?
-66a7
In base 9, what is -176362 + 10?
-176352
In base 9, what is -50 - -36134?
36074
In base 7, what is 1502102 - 1?
1502101
In base 3, what is -1210021001 - 0?
-1210021001
In base 10, what is 618 + -319?
299
In base 11, what is -4a271 + 7?
-4a265
In base 10, what is 679865 - -2?
679867
In base 6, what is 204 + 1051?
1255
In base 10, what is -1 + -12657?
-12658
In base 4, what is -122 + -110031?
-110213
In base 2, what is -10 - -1111011001010?
1111011001000
In base 12, what is 4820 + 12?
4832
In base 14, what is 3201 + -5?
31da
In base 4, what is 321131 + -1?
321130
In base 16, what is 7 + -844b?
-8444
In base 14, what is 5483cb - -3?
5483d0
In base 10, what is 12175 + 29?
12204
In base 16, what is 20ff + -26?
20d9
In base 2, what is -100000111 - -10110000001?
10001111010
In base 5, what is -3 - -1211241?
1211233
In base 14, what is 1a + 755?
771
In base 11, what is -2333 + -19?
-2351
In base 9, what is -160 - -327?
157
In base 8, what is 10317 - -50?
10367
In base 15, what is 14 - -90b?
920
In base 13, what is -52ca - -10?
-52ba
In base 4, what is 103223202 + -2?
103223200
In base 2, what is 100101010100110 + -101?
100101010100001
In base 16, what is 20 - 3a6?
-386
In base 10, what is -14408 - -165?
-14243
In base 7, what is -5 - -3023163?
3023155
In base 11, what is -14 + -14797?
-14800
In base 3, what is -20120221 - -11010?
-20102211
In base 12, what is 11 + 145757?
145768
In base 12, what is 7ab - -111?
900
In base 2, what is 101111101010 + 100001?
110000001011
In base 3, what is 2100001200122 + -12?
2100001200110
In base 3, what is 10111 + 1002011?
1012122
In base 8, what is 204426 - 6?
204420
In base 3, what is 11001 + 21001211?
21012212
In base 4, what is 12332311 + -2?
12332303
In base 15, what is ca - -103?
1cd
In base 2, what is -1001010 - -100011101010?
100010100000
In base 10, what is -5 + 5908?
5903
In base 7, what is -1143 + -45?
-1221
In base 10, what is 37550 + -3?
37547
In base 8, what is 22464617 - -5?
22464624
In base 7, what is 3 - -1662436?
1662442
In base 4, what is -31022 - -100102?
3020
In base 15, what is 1aca + 5?
1ad0
In base 4, what is -20310 - -230?
-20020
In base 9, what is -23047 - 0?
-23047
In base 11, what is 7 + -843?
-837
In base 11, what is 57826 + -3?
57823
In base 7, what is -315631 - 66?
-316030
In base 7, what is 5 + -111606?
-111601
In base 2, what is -10010011001101011110 - 1?
-10010011001101011111
In base 12, what is 40 + 2b91?
3011
In base 9, what is 3 + -101814?
-101811
In base 12, what is -9a01 + -10?
-9a11
In base 12, what is -2 - 3b1895?
-3b1897
In base 12, what is -133378 + 3?
-133375
In base 16, what is -74f4 + 1?
-74f3
In base 7, what is -5153 + -26?
-5212
In base 4, what is 23303112 + -11?
23303101
In base 14, what is 64cc5 + 1?
64cc6
In base 15, what is 243 - 184?
ae
In base 4, what is 201 + 1032221?
1033022
In base 14, what is 27b + 2b4?
551
In base 6, what is 112441 - -241?
113122
In base 2, what is -10101111 - 11010?
-11001001
In base 11, what is -94472 + 4?
-94469
In base 16, what is 58f - 3c?
553
In base 3, what is -121 - 1111100?
-1111221
In base 8, what is 1734745 + 3?
1734750
In base 4, what is -3 + -211012?
-211021
In base 2, what is -11001100110110001000 + -11?
-11001100110110001011
In base 10, what is 1 + 8825?
8826
In base 3, what is 110 + -10121110110?
-10121110000
In base 8, what is 3 + 13734?
13737
In base 4, what is -131222 + 202?
-131020
In base 15, what is -a9 - -8eec?
8e43
In base 10, what is -20766 + -19?
-20785
In base 10, what is 1 + 5802?
5803
In base 10, what is -2 + 197887?
197885
In base 5, what is 40 - 21040?
-21000
In base 2, what is -110011110 + 1010110?
-101001000
In base 11, what is -2 + -3269?
-3270
In base 4, what is 10 + 12310310?
12310320
In base 14, what is -130d5 - c?
-13103
In base 13, what is 12012 - 55?
11c8a
In base 11, what is -438 - 954?
-1291
In base 16, what is 72c + 2?
72e
In base 7, what is 336626 + 10?
336636
In base 4, what is -113002 + -101013?
-220021
In base 15, what is -d2 - -1c1?
de
In base 3, what is 10 + 221012120?
221012200
In base 4, what is 1 + -10321?
-10320
In base 3, what is 112121 + -2110?
110011
In base 15, what is 1bd3e6 - 4?
1bd3e2
In base 11, what is 5 - 1752?
-1748
In base 12, what is 1316b + -2?
13169
In base 10, what is 109 - -818?
927
In base 13, what is -1343 - -42?
-1301
In base 6, what is 1202 - 11350?
-10144
In base 11, what is 27105a + 1?
271060
In base 16, what is 5 - -18fd6d?
18fd72
In base 6, what is -1121 + -1351?
-2512
In base 11, what is 2287 + -274?
2013
In base 6, what is -1 + 1353422?
1353421
In base 7, what is 503 - -2124?
2630
In base 6, what is 434410 - 43?
434323
In base 12, what is -17b6a3 + -4?
-17b6a7
In base 9, what is -10375 + -55?
-10441
In base 4, what is 113122010 - -2?